{"id":17,"date":"2016-07-14T21:07:16","date_gmt":"2016-07-14T19:07:16","guid":{"rendered":"http:\/\/www.werk4um.de\/?page_id=17"},"modified":"2019-12-05T12:23:42","modified_gmt":"2019-12-05T11:23:42","slug":"kurse","status":"publish","type":"page","link":"https:\/\/www.werk4um.de\/?page_id=17","title":{"rendered":"Kurse"},"content":{"rendered":"<p>N\u00e4chster Kurs:\u00a0 9. und 10.Mai und 16. und 17. Mai 2020<\/p>\n<p>1.Termin WE\u00a0\u00a0\u00a0\u00a0\u00a0 Sa 10-17Uhr gemeinsames Mittag<br \/>\nSo 10-15Uhr Kaffee und Kuchen<br \/>\n2.Termin WE\u00a0\u00a0\u00a0\u00a0\u00a0 Sa 10-17Uhr, gemeinsames Mittag<br \/>\nSo 10-15Uhr Kaffee und Kuchen<\/p>\n<p><strong>Portraitmodellieren<\/strong><\/p>\n<p>Das Modellieren eines Kopfes ist ein Abenteuer und eine Schule des Sehens. Im Erfassen des wesentlichen Grundvolumens, im Abstrahieren und Vereinfachen von Details kommen Wir dem Charakter des Gegen\u00fcbers oft n\u00e4her als im detailgetreuen Kopieren der Oberfl\u00e4che. Bildhauerisch, bzw. formal aufgefasst, kann eine Kugel auf einem Zylinder als Kopf gedeutet werden. Im Hinblick auf ein Portrait, das jemandem \u00e4hnelt oder gleich kommt, erf\u00e4hrt dieser Grundk\u00f6rper seine Differenzierung. Aber was genau schafft \u00c4hnlichkeit, was Ausdruck einer Stimmung, eines Charakters, eines allgemeinen Wesenszugs?<br \/>\nDas Abenteuer einer Auseinandersetzung mit diesen Fragen ist Inhalt des Kurses. Anhand von Vorbildern, Beobachtungen, Vorstellungen und \u201edem was einfach beim machen entsteht\u201c wird jeder seine Auffassung eines Kopfes erarbeiten \u2013 Auf Wunsch nach lebendem Modell, welches einige Stunden zur Verf\u00fcgung stehen wird.<br \/>\nUm m\u00f6gliche bildhauerische Verfahrensweisen kennen zu lernen, biete ich folgende Techniken an:<br \/>\n<strong>1. Modellieren in Ton<\/strong><br \/>\nEs besteht die M\u00f6glichkeit die Ton- Objekte die nach der Fertigstellung in Gips oder Beton zu gie\u00dfen, oder von mir gie\u00dfen zu lassen.<br \/>\n<strong>2. Aufbau in Gips<\/strong>, weiterarbeiten durch wegnehmen und aufbauen.<br \/>\nEs besteht auch die M\u00f6glichkeit den Kopf schon in einem fr\u00fcheren Stadium abzuformen und als Gips weiterzubearbeiten.<br \/>\nVorkenntnisse sind nicht erforderlich, ich freue mich auf alle Ideen und Einf\u00e4lle, die Sie mitbringen!<br \/>\nWas ben\u00f6tigt wird: \u2028 Spr\u00fchflasche, ein altes Handtuch, Arbeitskleidung, scharfes Messer, kleiner L\u00f6ffel und falls vorhanden Modellierwerkzeug. Raspeln oder Messer, die sich f\u00fcr Gips eignen. Sofern Sie Ihre Gipsk\u00f6pfe bemalen m\u00f6chten, bitte Farben mitbringen<\/p>\n\n\t\t<style type=\"text\/css\">\n\t\t\t#gallery-1 {\n\t\t\t\tmargin: auto;\n\t\t\t}\n\t\t\t#gallery-1 .gallery-item {\n\t\t\t\tfloat: left;\n\t\t\t\tmargin-top: 10px;\n\t\t\t\ttext-align: center;\n\t\t\t\twidth: 33%;\n\t\t\t}\n\t\t\t#gallery-1 img {\n\t\t\t\tborder: 2px solid #cfcfcf;\n\t\t\t}\n\t\t\t#gallery-1 .gallery-caption {\n\t\t\t\tmargin-left: 0;\n\t\t\t}\n\t\t\t\/* see gallery_shortcode() in wp-includes\/media.php *\/\n\t\t<\/style>\n\t\t<div id='gallery-1' class='gallery galleryid-17 gallery-columns-3 gallery-size-thumbnail'><dl class='gallery-item'>\n\t\t\t<dt class='gallery-icon landscape'>\n\t\t\t\t<a href='https:\/\/www.werk4um.de\/?attachment_id=119'><img loading=\"lazy\" decoding=\"async\" width=\"150\" height=\"150\" src=\"https:\/\/www.werk4um.de\/wp-content\/uploads\/2016\/08\/IMG_6400-150x150.jpg\" class=\"attachment-thumbnail size-thumbnail\" alt=\"\" aria-describedby=\"gallery-1-119\" \/><\/a>\n\t\t\t<\/dt>\n\t\t\t\t<dd class='wp-caption-text gallery-caption' id='gallery-1-119'>\n\t\t\t\tPortrait -modellieren\n\t\t\t\t<\/dd><\/dl><dl class='gallery-item'>\n\t\t\t<dt class='gallery-icon landscape'>\n\t\t\t\t<a href='https:\/\/www.werk4um.de\/?attachment_id=154'><img loading=\"lazy\" decoding=\"async\" width=\"150\" height=\"150\" src=\"https:\/\/www.werk4um.de\/wp-content\/uploads\/2016\/12\/IMG_6407-e1481123920747-150x150.jpg\" class=\"attachment-thumbnail size-thumbnail\" alt=\"\" \/><\/a>\n\t\t\t<\/dt><\/dl><dl class='gallery-item'>\n\t\t\t<dt class='gallery-icon landscape'>\n\t\t\t\t<a href='https:\/\/www.werk4um.de\/?attachment_id=117'><img loading=\"lazy\" decoding=\"async\" width=\"150\" height=\"150\" src=\"https:\/\/www.werk4um.de\/wp-content\/uploads\/2016\/08\/IMG_6436-150x150.jpg\" class=\"attachment-thumbnail size-thumbnail\" alt=\"\" aria-describedby=\"gallery-1-117\" \/><\/a>\n\t\t\t<\/dt>\n\t\t\t\t<dd class='wp-caption-text gallery-caption' id='gallery-1-117'>\n\t\t\t\tFormenbau\n\t\t\t\t<\/dd><\/dl><br style=\"clear: both\" \/>\n\t\t<\/div>\n\n<p>F\u00fcr mich\u00a0geht es beim Arbeiten mit Ton darum, die richtigen Proportionen zu finden, die wirkenden Kr\u00e4fteverh\u00e4ltnisse zu verstehen, die Kr\u00e4fteverh\u00e4ltnisse der Formen zueinander und das Begreifen der inneren Ursachen.<\/p>\n<p>Beim Abbilden gilt es, mit den Augen die Formen zu analysieren, erkennen und zu durchschauen (Anatomie, die Kenntniss der Funktionsweise, die dahinterliegende Struktur).<\/p>\n<p>Eine\u00a0Skulptur ist ein in sich geschlossenes System. Die Formensprache folgt einer inneren Logik von W\u00f6lbung und Stauchung, von Kraft und Gegenkraft, Ursache und Wirkung.<\/p>\n<p>Wie im Leben und in der Welt, Aktion und Reaktion. Alles h\u00e4ngt zusammen.<\/p>\n<p>So gibt es Formen und Gegenformen und es gilt die Balance zu treffen, die treffenden (\u00e4sthetischen?) Proportionen zu finden.<\/p>\n<p>K\u00fcnstlerisch steht aber nicht die Nachahmung im Vordergrund\u00a0-keine Verdoppelung. &#8222;Kunstwerke geben nicht das wieder, was wir ohnehin erkennen k\u00f6nnen sondern, sie dienen mehr als Werkzeug der Erkenntnis.&#8220;<\/p>\n","protected":false},"excerpt":{"rendered":"<p>N\u00e4chster Kurs:\u00a0 9. und 10.Mai und 16. und 17. Mai 2020 1.Termin WE\u00a0\u00a0\u00a0\u00a0\u00a0 Sa 10-17Uhr gemeinsames Mittag So 10-15Uhr Kaffee und Kuchen 2.Termin WE\u00a0\u00a0\u00a0\u00a0\u00a0 Sa 10-17Uhr, gemeinsames Mittag So 10-15Uhr Kaffee und Kuchen Portraitmodellieren Das Modellieren eines Kopfes ist ein Abenteuer und eine Schule des Sehens. Im Erfassen des wesentlichen Grundvolumens, im Abstrahieren und Vereinfachen [&hellip;]<\/p>\n","protected":false},"author":1,"featured_media":0,"parent":0,"menu_order":0,"comment_status":"closed","ping_status":"closed","template":"","meta":{"footnotes":""},"class_list":["post-17","page","type-page","status-publish","hentry"],"_links":{"self":[{"href":"https:\/\/www.werk4um.de\/index.php?rest_route=\/wp\/v2\/pages\/17","targetHints":{"allow":["GET"]}}],"collection":[{"href":"https:\/\/www.werk4um.de\/index.php?rest_route=\/wp\/v2\/pages"}],"about":[{"href":"https:\/\/www.werk4um.de\/index.php?rest_route=\/wp\/v2\/types\/page"}],"author":[{"embeddable":true,"href":"https:\/\/www.werk4um.de\/index.php?rest_route=\/wp\/v2\/users\/1"}],"replies":[{"embeddable":true,"href":"https:\/\/www.werk4um.de\/index.php?rest_route=%2Fwp%2Fv2%2Fcomments&post=17"}],"version-history":[{"count":14,"href":"https:\/\/www.werk4um.de\/index.php?rest_route=\/wp\/v2\/pages\/17\/revisions"}],"predecessor-version":[{"id":225,"href":"https:\/\/www.werk4um.de\/index.php?rest_route=\/wp\/v2\/pages\/17\/revisions\/225"}],"wp:attachment":[{"href":"https:\/\/www.werk4um.de\/index.php?rest_route=%2Fwp%2Fv2%2Fmedia&parent=17"}],"curies":[{"name":"wp","href":"https:\/\/api.w.org\/{rel}","templated":true}]}}